{"id":723,"date":"2024-04-16T11:10:22","date_gmt":"2024-04-16T11:10:22","guid":{"rendered":"http:\/\/entrgroup.se\/?post_type=concert&#038;p=723"},"modified":"2024-05-03T08:15:53","modified_gmt":"2024-05-03T08:15:53","slug":"francis-mercier-x-nitefreak","status":"publish","type":"concert","link":"https:\/\/entrgroup.se\/sv\/concert\/francis-mercier-x-nitefreak\/","title":{"rendered":"FRANCIS MERCIER X NITEFREAK"},"content":{"rendered":"<div class=\"x11i5rnm xat24cr x1mh8g0r x1vvkbs xtlvy1s\">\n<p>SOUNDS presenterar stolt Francis Mercier, Nitefreak, Thyra Axenstr\u00f6m och Ario Molapour f\u00f6r en of\u00f6rgl\u00f6mlig natt p\u00e5 Berns Ballroom.<\/p>\n<p>Francis Mercier \u00e4r DJ, producent och grundare av skivbolaget Deep Root Records. Med \u00f6ver 15 miljoner streams har Francis utvecklat sin egen stil genom att kombinera house med v\u00e4rldsliga och melodiska element. Francis slog igenom globalt med remixen \u201dPremier Gaou\u201d och har \u00e4ven varit #2 p\u00e5 Beatports topp 100 lista. Francis har upptr\u00e4tt p\u00e5 scener som EDC Las Vegas, Pascha Ibiza och Coachella och delar regelbundet scen med v\u00e4rldsk\u00e4nda internationella DJs som Black Coffee, Themba, Diplo och Adam Port.<\/p>\n<p>Nitefreak \u00e4r en sj\u00e4lvl\u00e4rd DJ och producent som hyllats av globala giganter som Diplo och Black Coffee. Nitefreak har sl\u00e4ppt sounds med bland annat Francis Mercier, Blond:ish samt grammisnominerade duon Amadou &amp; Mariam. Med en unik inst\u00e4llning till Afro-House och miljontals streams \u00e4r hans framtr\u00e4dande n\u00e5got du inte vill missa.<\/p>\n<p>Thyra Axenstr\u00f6m har under det senaste \u00e5rtiondet f\u00f6rsett Stockholms och \u00c5res nattliv med organisk house med inslag av melodisk och disco-house. En sak du kommer att m\u00e4rka n\u00e4r Thyra spelar \u00e4r kopplingen och k\u00e4nslan hon delar med publiken.<\/p>\n<p>Ario Molapour har varit en av Sveriges mest karakteristiska DJ:ar sedan 2015. Fr\u00e5n att ha b\u00f6rjat med afro-beats har han utvecklats till afro-house med r\u00f6tterna fortfarande n\u00e4rvarande. Ario har delat scenen med artister som Rampa\/Keinemusic.<\/p>\n<p><span class=\"title\">Framtr\u00e4danden av<\/span>\u00a0<span class=\"contents\"><a class=\"performer\" title=\"S\u00f6k efter fler evenemang med framtr\u00e4danden av Thyra Axenstr\u00f6m\" href=\"https:\/\/www.tickster.com\/sv\/events\/with\/thyra%20axenstr%c3%b6m?string=thyra%20axenstr%c3%b6m\" target=\"_blank\" rel=\"noopener\">Thyra Axenstr\u00f6m<\/a>,\u00a0<a class=\"performer\" title=\"S\u00f6k efter fler evenemang med framtr\u00e4danden av Ario Molapour\" href=\"https:\/\/www.tickster.com\/sv\/events\/with\/ario%20molapour?string=ario%20molapour\" target=\"_blank\" rel=\"noopener\">Ario Molapour<\/a>,\u00a0<a class=\"performer\" title=\"S\u00f6k efter fler evenemang med framtr\u00e4danden av Francis Mercier\" href=\"https:\/\/www.tickster.com\/sv\/events\/with\/francis%20mercier?string=francis%20mercier\" target=\"_blank\" rel=\"noopener\">Francis Mercier<\/a>,\u00a0<a class=\"performer\" title=\"S\u00f6k efter fler evenemang med framtr\u00e4danden av Nitefreak\" href=\"https:\/\/www.tickster.com\/sv\/events\/with\/nitefreak?string=nitefreak\" target=\"_blank\" rel=\"noopener\">Nitefreak<\/a><\/span><\/p>\n<\/div>\n<div class=\"x11i5rnm xat24cr x1mh8g0r x1vvkbs xtlvy1s\">Tickets are now available, make sure to buy your ticket early.<\/div>\n<div><\/div>\n<div class=\"x11i5rnm xat24cr x1mh8g0r x1vvkbs xtlvy1s\">Changes may occur<\/div>\n","protected":false},"featured_media":718,"template":"","class_list":["post-723","concert","type-concert","status-publish","has-post-thumbnail","hentry"],"acf":[],"_links":{"self":[{"href":"https:\/\/entrgroup.se\/sv\/wp-json\/wp\/v2\/concert\/723","targetHints":{"allow":["GET"]}}],"collection":[{"href":"https:\/\/entrgroup.se\/sv\/wp-json\/wp\/v2\/concert"}],"about":[{"href":"https:\/\/entrgroup.se\/sv\/wp-json\/wp\/v2\/types\/concert"}],"wp:featuredmedia":[{"embeddable":true,"href":"https:\/\/entrgroup.se\/sv\/wp-json\/wp\/v2\/media\/718"}],"wp:attachment":[{"href":"https:\/\/entrgroup.se\/sv\/wp-json\/wp\/v2\/media?parent=723"}],"curies":[{"name":"wp","href":"https:\/\/api.w.org\/{rel}","templated":true}]}}

<div class="x11i5rnm xat24cr x1mh8g0r x1vvkbs xtlvy1s">
<p>SOUNDS presenterar stolt Francis Mercier, Nitefreak, Thyra Axenström och Ario Molapour för en oförglömlig natt på Berns Ballroom.</p>
<p>Francis Mercier är DJ, producent och grundare av skivbolaget Deep Root Records. Med över 15 miljoner streams har Francis utvecklat sin egen stil genom att kombinera house med världsliga och melodiska element. Francis slog igenom globalt med remixen ”Premier Gaou” och har även varit #2 på Beatports topp 100 lista. Francis har uppträtt på scener som EDC Las Vegas, Pascha Ibiza och Coachella och delar regelbundet scen med världskända internationella DJs som Black Coffee, Themba, Diplo och Adam Port.</p>
<p>Nitefreak är en självlärd DJ och producent som hyllats av globala giganter som Diplo och Black Coffee. Nitefreak har släppt sounds med bland annat Francis Mercier, Blond:ish samt grammisnominerade duon Amadou &amp; Mariam. Med en unik inställning till Afro-House och miljontals streams är hans framträdande något du inte vill missa.</p>
<p>Thyra Axenström har under det senaste årtiondet försett Stockholms och Åres nattliv med organisk house med inslag av melodisk och disco-house. En sak du kommer att märka när Thyra spelar är kopplingen och känslan hon delar med publiken.</p>
<p>Ario Molapour har varit en av Sveriges mest karakteristiska DJ:ar sedan 2015. Från att ha börjat med afro-beats har han utvecklats till afro-house med rötterna fortfarande närvarande. Ario har delat scenen med artister som Rampa/Keinemusic.</p>
<p><span class="title">Framträdanden av</span> <span class="contents"><a class="performer" title="Sök efter fler evenemang med framträdanden av Thyra Axenström" href="https://www.tickster.com/sv/events/with/thyra%20axenstr%c3%b6m?string=thyra%20axenstr%c3%b6m" target="_blank" rel="noopener">Thyra Axenström</a>, <a class="performer" title="Sök efter fler evenemang med framträdanden av Ario Molapour" href="https://www.tickster.com/sv/events/with/ario%20molapour?string=ario%20molapour" target="_blank" rel="noopener">Ario Molapour</a>, <a class="performer" title="Sök efter fler evenemang med framträdanden av Francis Mercier" href="https://www.tickster.com/sv/events/with/francis%20mercier?string=francis%20mercier" target="_blank" rel="noopener">Francis Mercier</a>, <a class="performer" title="Sök efter fler evenemang med framträdanden av Nitefreak" href="https://www.tickster.com/sv/events/with/nitefreak?string=nitefreak" target="_blank" rel="noopener">Nitefreak</a></span></p>
</div>
<div class="x11i5rnm xat24cr x1mh8g0r x1vvkbs xtlvy1s">Tickets are now available, make sure to buy your ticket early.</div>
<div></div>
<div class="x11i5rnm xat24cr x1mh8g0r x1vvkbs xtlvy1s">Changes may occur</div>
